{"id":2357,"date":"2024-06-03T14:08:46","date_gmt":"2024-06-03T17:08:46","guid":{"rendered":"https:\/\/tecele.com.br\/?post_type=product&#038;p=2357"},"modified":"2024-06-13T14:31:51","modified_gmt":"2024-06-13T17:31:51","slug":"2357","status":"publish","type":"product","link":"https:\/\/tecele.com.br\/?product=2357","title":{"rendered":"Fam\u00edlia Webert \u2022 Os Sapos \u2022 E-book de Amigurumi em Tric\u00f4"},"content":{"rendered":"<div class=\"woocommerce-tabs wc-tabs-wrapper\">\n<div id=\"tab-description\" class=\"woocommerce-Tabs-panel woocommerce-Tabs-panel--description panel entry-content wc-tab\" role=\"tabpanel\" aria-labelledby=\"tab-title-description\">\n<p><em>A fam\u00edlia mais fofa do mundo! \ud83d\udc38<\/em><\/p>\n<p>N\u00e3o \u00e9 o boneco pronto! \u00c9 um arquivo digital!<\/p>\n<div class=\"all-language\">\n<p>Informa\u00e7\u00f5es t\u00e9cnicas:<\/p>\n<ul>\n<li style=\"list-style-type: none;\">\n<ul>\n<li>Idioma: Portugu\u00eas;<\/li>\n<li>Amigurumi feito em Tric\u00f4 Circular;<\/li>\n<li>PDF com 06 p\u00e1ginas, + 23 fotos e v\u00eddeos de apoio;<\/li>\n<li>Instru\u00e7\u00f5es para tecer a m\u00e3e\/pai e o filho;<\/li>\n<li>N\u00e3o cont\u00e9m v\u00eddeos de apoio.<\/li>\n<li>N\u00edvel de dificuldade: intermedi\u00e1rio.<\/li>\n<\/ul>\n<\/li>\n<\/ul>\n<p>Se voc\u00ea for iniciante e deseja tecer a Fam\u00edlia Webert, recomento fortemente que se inscreva no Clube das Criaturas Fant\u00e1sticas. No Clube o tutorial do \u00e9 completo e em v\u00eddeo e tamb\u00e9m tem o curso de tric\u00f4 para amigurumis.\u00a0 Mais informa\u00e7\u00f5es e links de inscri\u00e7\u00e3o acesse: https:\/\/tecele.com.br\/?page_id=720<\/p>\n<p><em><strong>N\u00e3o \u00e9 feito troca de arquivo por assinatura do Clube em caso de compra por engano.<\/strong><\/em><\/p>\n<p><strong>Ap\u00f3s a confirma\u00e7\u00e3o do pagamento o PDF ficar\u00e1 dispon\u00edvel para download na sua conta aqui no site.<\/strong><\/p>\n<\/div>\n<p><span class=\"JsGRdQ\"><strong>Lembre-se que esse padr\u00e3o \u00e9 apenas para uso pessoal, sua venda ou compartilhamento s\u00e3o estritamente proibidos, de acordo com a LEI 9.610\/98, dos direitos autorais.<\/strong><\/span><\/p>\n<\/div>\n<\/div>\n","protected":false},"excerpt":{"rendered":"<p>A fam\u00edlia mais fofa do mundo! \ud83d\udc38 N\u00e3o \u00e9 o boneco pronto! \u00c9 um arquivo digital! Informa\u00e7\u00f5es t\u00e9cnicas: Idioma: Portugu\u00eas; Amigurumi feito em Tric\u00f4 Circular; PDF com 06 p\u00e1ginas, + 23 fotos e v\u00eddeos de apoio; Instru\u00e7\u00f5es para tecer a m\u00e3e\/pai e o filho; N\u00e3o cont\u00e9m v\u00eddeos de apoio. N\u00edvel de dificuldade: intermedi\u00e1rio. Se voc\u00ea &hellip;<\/p>\n<p class=\"read-more\"> <a class=\"\" href=\"https:\/\/tecele.com.br\/?product=2357\"> <span class=\"screen-reader-text\">Fam\u00edlia Webert \u2022 Os Sapos \u2022 E-book de Amigurumi em Tric\u00f4<\/span> Leia mais &raquo;<\/a><\/p>\n","protected":false},"featured_media":2359,"comment_status":"open","ping_status":"closed","template":"","meta":{"site-sidebar-layout":"default","site-content-layout":"default","ast-global-header-display":"","ast-main-header-display":"","ast-hfb-above-header-display":"","ast-hfb-below-header-display":"","ast-hfb-mobile-header-display":"","site-post-title":"","ast-breadcrumbs-content":"","ast-featured-img":"","footer-sml-layout":"","theme-transparent-header-meta":"default","adv-header-id-meta":"","stick-header-meta":"","header-above-stick-meta":"","header-main-stick-meta":"","header-below-stick-meta":"","jetpack_post_was_ever_published":false,"jetpack_publicize_message":"","jetpack_publicize_feature_enabled":true,"jetpack_social_post_already_shared":true,"jetpack_social_options":{"image_generator_settings":{"template":"highway","enabled":false}}},"product_cat":[15],"product_tag":[],"class_list":{"0":"post-2357","1":"product","2":"type-product","3":"status-publish","4":"has-post-thumbnail","6":"product_cat-sem-categoria","8":"first","9":"instock","10":"downloadable","11":"taxable","12":"shipping-taxable","13":"purchasable","14":"product-type-simple"},"jetpack_publicize_connections":[],"jetpack_likes_enabled":true,"jetpack_sharing_enabled":true,"_links":{"self":[{"href":"https:\/\/tecele.com.br\/index.php?rest_route=\/wp\/v2\/product\/2357","targetHints":{"allow":["GET"]}}],"collection":[{"href":"https:\/\/tecele.com.br\/index.php?rest_route=\/wp\/v2\/product"}],"about":[{"href":"https:\/\/tecele.com.br\/index.php?rest_route=\/wp\/v2\/types\/product"}],"replies":[{"embeddable":true,"href":"https:\/\/tecele.com.br\/index.php?rest_route=%2Fwp%2Fv2%2Fcomments&post=2357"}],"version-history":[{"count":2,"href":"https:\/\/tecele.com.br\/index.php?rest_route=\/wp\/v2\/product\/2357\/revisions"}],"predecessor-version":[{"id":2364,"href":"https:\/\/tecele.com.br\/index.php?rest_route=\/wp\/v2\/product\/2357\/revisions\/2364"}],"wp:featuredmedia":[{"embeddable":true,"href":"https:\/\/tecele.com.br\/index.php?rest_route=\/wp\/v2\/media\/2359"}],"wp:attachment":[{"href":"https:\/\/tecele.com.br\/index.php?rest_route=%2Fwp%2Fv2%2Fmedia&parent=2357"}],"wp:term":[{"taxonomy":"product_cat","embeddable":true,"href":"https:\/\/tecele.com.br\/index.php?rest_route=%2Fwp%2Fv2%2Fproduct_cat&post=2357"},{"taxonomy":"product_tag","embeddable":true,"href":"https:\/\/tecele.com.br\/index.php?rest_route=%2Fwp%2Fv2%2Fproduct_tag&post=2357"}],"curies":[{"name":"wp","href":"https:\/\/api.w.org\/{rel}","templated":true}]}}